- 111*y - n - 325699 = 0. List the prime factors of y.
107, 761
Suppose 3*q + 26 = 44. List the prime factors of (-76755)/(-102)*q/5.
3, 7, 43
Let y(n) = -265*n - 2927. What are the prime factors of y(-30)?
5023
Suppose a - 14*p - 329 = -19*p, -4*p = 4. Let c = -1 - -1. Suppose -5*j = v - 179, 3*v - v - 2*j - a = c. List the prime factors of v.
13
Let b = 84 + 3754. What are the prime factors of b?
2, 19, 101
Suppose -4*i - 7*i + 190784 = -0*i. List the prime factors of i.
2, 271
What are the prime factors of 15/(-6)*406692/(-390)?
3, 11, 79
Let n = 12 + -8. Suppose -n*l - 147 = -5*f + 869, -610 = -3*f + 2*l. What are the prime factors of f?
2, 3, 17
Suppose 5*j + 4 = 59. Suppose -j*c + 2716 = -254. List the prime factors of c.
2, 3, 5
Let i be (9/6)/((-6)/(-1268)). Let n(w) = 20*w - 320. Let j be n(6). Let g = i + j. List the prime factors of g.
3, 13
Let v be (-238)/(-26) - (-28)/(-182). Suppose -13*f - v = -16*f. What are the prime factors of f?
3
Suppose 4*r - 8 + 88 = 4*o, 102 = -5*r + 4*o. Let p(t) = -t**3 - 20*t**2 + 19*t + 48. Let l be p(r). Let k = -392 + l. What are the prime factors of k?
2, 103
Suppose 0 = -18*x - 42050 + 269138. What are the prime factors of x?
2, 19, 83
Suppose 0 = 3*o - 13 - 101. Let d = o + -34. Suppose 0*v + d*v = 340. What are the prime factors of v?
5, 17
What are the prime factors of -293 + 295 - (-13070 + 1)?
3, 4357
Suppose 4*h + 14*h + 20988 = 0. What are the prime factors of (-165)/(-33) - (h - (-2)/(-1))?
3, 17, 23
Let l = -342 + 353. What are the prime factors of 743 - l/(55/(-15))?
2, 373
Let n(w) = 9 - 3 + 24*w**3 + 9*w - 26*w - 9*w**2 - 25*w**3. Let l be 81/(-12) + (-10)/8. What are the prime factors of n(l)?
2, 3, 13
Let n be 28*(-12)/(-48) - (4 - 0). Suppose 4 = 6*z - 7*z, 0 = -4*o - n*z + 5952. What are the prime factors of o?
3, 7, 71
Suppose -4*t + 22542 = 3*z, -35*t + 37*t = 5*z - 37570. What are the prime factors of z?
2, 13, 17
Let p = 1 + -3. Let n(s) = 26*s**3 - 15*s**2 - 2*s - 12. Let t(m) = 14*m**3 - 7*m**2 - m - 6. Let c(z) = 6*n(z) - 13*t(z). What are the prime factors of c(p)?
2, 3
Let m(g) = 4*g - 62. Let v be m(4). What are the prime factors of v/(-23) - (1050 + -1)*-1?
1051
Let j(n) = -6*n**3 - 4*n**2 + 56*n + 161. Let d(y) = -y**3 - y**2 + 11*y + 32. Let m(h) = 11*d(h) - 2*j(h). What are the prime factors of m(7)?
17
Let l = 344 - 126. Suppose q - 158 = -2*j, -177 - l = -5*j - 4*q. Suppose s = 0, 4*s - 284 = -3*o + j. List the prime factors of o.
11
Let g = -65 + 149. Suppose -4*y + g = 4*r, -5*r - 2 = -3*y - 75. List the prime factors of r.
17
Let r(i) = -51*i**2 - 28*i + 3. Let p be r(2). Let c = -129 - p. List the prime factors of c.
2
Let a(o) = 67*o**2 + 6*o - 12. Let k be a(2). Suppose 0 = b - 172 - k. List the prime factors of b.
2, 5, 11
Let f = 1396 - -1011. Suppose -2*g + 584 = q, 583 = 5*q - 4*g - f. List the prime factors of q.
2, 3, 11
Let h = -486 - -488. Suppose 0 = -2*y - 2*q + 1958, 0*q - h*q - 994 = -y. What are the prime factors of y?
2, 3, 41
Let z be (-2)/10*0/2. Suppose 2*x + 5*l = -0*x + 1962, z = -4*x + 3*l + 3872. List the prime factors of x.
971
Let h(s) = -194*s + 406. What are the prime factors of h(-12)?
2, 1367
List the prime factors of (2 + 13285/(-10))/(3/(-42)).
7, 379
Suppose -q + 5*r = -192, -4*q + 346 = r - 338. Suppose 486 = -5*s + k - 12, 2*k = 2*s + 196. Let p = s + q. List the prime factors of p.
2, 3
Let f(h) = -45*h - 3. Let z(r) = -r**3 - 8*r**2 + 18*r - 22. Let a be z(-10). Let v be f(a). Let k = 314 - v. What are the prime factors of k?
227
Let y(j) = -571*j - 5. Let g be y(-2). Let z = g + -154. List the prime factors of z.
983
What are the prime factors of (18/8)/(135/281880)?
2, 3, 29
Let l(i) = 54*i**2 - 404*i - 61. List the prime factors of l(28).
3, 10321
Let z(f) = -136*f - 27. Let q be z(-11). Let d = q - 561. List the prime factors of d.
2, 227
Let q be 89*2/14 - 6/(-21). Suppose -5*r + 2*w = -6, 0 = -5*r - 2*w + 1 + q. Suppose -2*p = 2*i - 246, -r*p - 504 = -4*i - 0*i. List the prime factors of i.
5
Suppose 73876 = 337*k - 332*k - 3*l, 44348 = 3*k - 5*l. What are the prime factors of k?
14771
List the prime factors of (16652/(-3))/(-20 + 290/15).
2, 23, 181
Suppose -3*d + 530*m = 525*m - 83800, -2*m = 4. What are the prime factors of d?
2, 3, 5, 7, 19
Let x = -23837 + 55917. What are the prime factors of x?
2, 5, 401
Let j(t) = -33*t + 48. Suppose -21*u = -16*u + 60. List the prime factors of j(u).
2, 3, 37
Suppose 5*o - 10245 = -4*u, -24*u + 21*u = 2*o - 4091. List the prime factors of o.
2053
Suppose -28575 = -2*i - 3*r, r + 465 = -5*i + 71935. List the prime factors of i.
3, 5, 953
Let k = -10466 + 17274. What are the prime factors of k?
2, 23, 37
Suppose -68 - 181 = -x. Suppose 5*n = -p - 139, -2*n = 2*p + n + 299. Let z = p + x. List the prime factors of z.
5, 19
Suppose 32*a + 4*j + 190413 = 37*a, 2*a - 76161 = 3*j. What are the prime factors of a?
3, 5, 2539
Suppose -r + 16*z + 18173 = 20*z, -r - 2*z = -18169. What are the prime factors of r?
3, 5, 7, 173
Let z(x) = x**2 + 5*x + 23. Let b be z(6). Suppose 0 = 3*s - 5*w - 4112, -2*w = -b*s + 93*s - 5474. What are the prime factors of s?
37
Let l be 12/(-20) + (-126)/(-10). Suppose -9*o = -13*o + l. Suppose -4*g = -5*s + 519, 0 = o*s - s - 2*g - 208. List the prime factors of s.
103
Suppose -2*j + 3*l + 5 = 4, 5*l = -j + 7. What are the prime factors of (j/((-12)/(-1065)))/(8/16)?
5, 71
Let l be 40/8 + (0 - -1). What are the prime factors of l/((-22)/(-1584)*3/4)?
2, 3
Let m = -109 - -110. What are the prime factors of (16 - 13) + 127/m?
2, 5, 13
Suppose 0 = 138*c - 656557 + 15689 - 222046. List the prime factors of c.
13, 37
Let w = 6413 - 440. What are the prime factors of w?
3, 11, 181
Suppose 34*p - 26*p - 1324300 = -42*p. List the prime factors of p.
2, 17, 19, 41
Let v be (-11 - -11) + (2 - 2)/(-3). Suppose v = -11*k - 9*k + 2020. What are the prime factors of k?
101
Let g = -287 - -293. Suppose 0*a - g*a = -2352. What are the prime factors of a?
2, 7
What are the prime factors of 131068575/2970 + 1/6?
44131
Suppose p + 3051 - 406 = 5*r, p + r = -2651. Let f = 3799 + p. What are the prime factors of f?
3, 383
Suppose 30*x = -4*c + 35*x + 49131, 5*c + 5*x - 61380 = 0. List the prime factors of c.
3, 4093
Suppose -3*w - 37*s + 175633 = -41*s, -5*w + 292640 = 5*s. List the prime factors of w.
5, 23, 509
List the prime factors of (-5 - (13 + -18)) + 405.
3, 5
Let n be (2 + -4)*(-12 - -14). List the prime factors of (-21 - -2)*n/((-4)/(-3)).
3, 19
Suppose 5*j = -3*j + 15584. Suppose -x + 2982 = 4*c, -2*x + 1781 + j = 5*c. What are the prime factors of c?
5, 149
Let i be (26 - 22)/(2 - 10/4). Let o(y) = -3*y**3 - 15*y**2 - 31*y - 11. List the prime factors of o(i).
3, 271
What are the prime factors of 413975/35 + -13 + 10 + 22/7?
2, 2957
Let z = 127 + -126. What are the prime factors of ((-23)/((-230)/(-1350)))/(-2 + z)?
3, 5
Let i(v) = -125*v**2 + 4*v + 14. Let f be i(-2). Let t = 575 + f. What are the prime factors of t?
3
Let o = -388 + 380. Let c(x) = 8*x**2 - 14*x - 50. What are the prime factors of c(o)?
2, 7, 41
Let i(y) = -y**3 - 40*y**2 - 112*y + 246. What are the prime factors of i(-49)?
37, 739
Suppose 2*l = 2*b + 4372, 3*b - 14 = -4*b. List the prime factors of l.
2, 547
Let t be (6 + -1207)*-1 - 7. Suppose 0 = -5*j + 6*j - 4, -2*v - j = -t. List the prime factors of v.
5, 7, 17
Let i(s) = -s**2 - 150*s - 443. List the prime factors of i(-63).
2, 11, 229
Let u(d) be the third derivative of -43*d**5/120 + d**4/24 - 10*d**3/3 - 18*d**2. Let p(f) be the first derivative of u(f). List the prime factors of p(-4).
173
Let r be 25*7*(-6)/(-105). List the prime factors of (-22)/(r/135*-1).
3, 11
Let n(w) = 2*w**3 - 69*w**2 + 90*w - 1043. What are the prime factors of n(48)?
5, 7, 1871
Suppose 4*o + 7280 = 5*n, -74*o - 1465 = -n - 75*o. List the prime factors of n.
2, 5, 73
Suppose 3*m - 71573 = -5*f, 5*m - 70921 = -3*f - 27958. List the prime factors of f.
11, 1301
Let l be 13 - 11 - (-6 + 2). Let r be (3 - l) + 0 + 14. Suppose -41 = -5*m - r. List the prime factors of m.
2, 3
Let c(d) = 2*d**3 + d**2 + 8*d - 1. Let h be c(9). Let l = -826 + h. What are the prime factors of l?
2, 7
Let o(m) be the second derivative of 3/2*m**3 - 17*m + 1/4*m**4 + 0 + 7*m**2. Lis